hundreds digit of 497223664?
6
What is the units digit of 600346062?
2
What is the hundred thousands digit of 1796120871?
1
What is the ten thousands digit of 893202188?
0
What is the millions digit of 274941701?
4
What is the ten thousands digit of 44172442?
7
What is the units digit of 13972600?
0
What is the hundred millions digit of 241989866?
2
What is the thousands digit of 589321571?
1
What is the millions digit of 60262691?
0
What is the ten millions digit of 337790044?
3
What is the ten thousands digit of 63861778?
6
What is the hundred thousands digit of 118550218?
5
What is the hundred millions digit of 162256855?
1
What is the units digit of 84692595?
5
What is the hundred thousands digit of 69565483?
5
What is the millions digit of 11475504?
1
What is the ten millions digit of 122851781?
2
What is the units digit of 2049091?
1
What is the hundreds digit of 84562151?
1
What is the tens digit of 188365526?
2
What is the units digit of 502100272?
2
What is the hundreds digit of 214891063?
0
What is the millions digit of 180357474?
0
What is the units digit of 1701129150?
0
What is the hundred millions digit of 107777214?
1
What is the tens digit of 74636711?
1
What is the hundred millions digit of 344197887?
3
What is the hundred thousands digit of 141819068?
8
What is the thousands digit of 153411562?
1
What is the thousands digit of 18977745?
7
What is the millions digit of 756946162?
6
What is the hundred thousands digit of 148881681?
8
What is the units digit of 1074377605?
5
What is the millions digit of 110195484?
0
What is the ten millions digit of 456257265?
5
What is the hundreds digit of 109184745?
7
What is the ten thousands digit of 96238060?
3
What is the ten millions digit of 8099397434?
9
What is the units digit of 619793992?
2
What is the tens digit of 1738645134?
3
What is the thousands digit of 1197936082?
6
What is the tens digit of 370549065?
6
What is the ten millions digit of 35441757?
3
What is the tens digit of 722915661?
6
What is the thousands digit of 3976953025?
3
What is the hundred thousands digit of 59025209?
0
What is the hundred thousands digit of 35173337?
1
What is the hundreds digit of 86751699?
6
What is the tens digit of 110119878?
7
What is the hundreds digit of 65239488?
4
What is the tens digit of 100251076?
7
What is the hundred thousands digit of 3329831723?
8
What is the hundreds digit of 8196376464?
4
What is the tens digit of 1306339968?
6
What is the billions digit of 8004109158?
8
What is the millions digit of 122727163?
2
What is the tens digit of 55641887?
8
What is the hundred thousands digit of 9402514276?
5
What is the hundred millions digit of 1921196890?
9
What is the hundred thousands digit of 859142026?
1
What is the hundred millions digit of 770778368?
7
What is the hundred millions digit of 301767675?
3
What is the hundreds digit of 46067393?
3
What is the tens digit of 974277412?
1
What is the units digit of 216844129?
9
What is the tens digit of 74393883?
8
What is the ten millions digit of 41054527?
4
What is the ten millions digit of 555045792?
5
What is the ten millions digit of 3947366437?
4
What is the hundreds digit of 363816205?
2
What is the units digit of 38281593?
3
What is the units digit of 118920112?
2
What is the ten thousands digit of 118279900?
7
What is the millions digit of 17386982?
7
What is the tens digit of 817039051?
5
What is the units digit of 117564692?
2
What is the ten millions digit of 135544637?
3
What is the tens digit of 145824256?
5
What is the millions digit of 58632740?
8
What is the tens digit of 23878323?
2
What is the thousands digit of 171576650?
6
What is the ten millions digit of 525301634?
2
What is the tens digit of 5382050608?
0
What is the hundred millions digit of 752847768?
7
What is the units digit of 1753913432?
2
What is the thousands digit of 1076184538?
4
What is the millions digit of 159634779?
9
What is the millions digit of 1038207753?
8
What is the hundred thousands digit of 1700041175?
0
What is the tens digit of 10829200?
0
What is the thousands digit of 31471668?
1
What is the hundred millions digit of 768155712?
7
What is the units digit of 3941493947?
7
What is the hundreds digit of 1296918934?
9
What is the millions digit of 568439088?
8
What is the units digit of 15072051?
1
What is the units digit of 11673030?
0
What is the hundred thousands digit of 34266296?
2
What is the millions digit of 3828359813?
8
What is the hundred millions digit of 189959547?
1
What is the tens digit of 3715795139?
3
What is the hundred millions digit of 3214237517?
2
What is the tens digit of 3946956337?
3
What is the ten millions digit of 51728041?
5
What is the thousands digit of 408597152?
7
What is the units digit of 2994471597?
7
What is the tens digit of 18057907?
0
What is the hundred thousands digit of 244442271?
4
What is the hundreds digit of 28819653?
6
What is the hundred thousands digit of 3917233231?
2
What is the billions digit of 1679746539?
1
What is the hundreds digit of 2498880036?
0
What is the ten thousands digit of 149975535?
7
What is the thousands digit of 45718433?
8
What is the ten millions digit of 6211606622?
1
What is the hundred thousands digit of 186784996?
7
What is the billions digit of 4230592683?
4
What is the thousands digit of 932436648?
6
What is the ten millions digit of 178684185?
7
What is the millions digit of 171377056?
1
What is the hundreds digit of 4098507442?
4
What is the tens digit of 62338708?
0
What is the tens digit of 3268291649?
4
What is the units digit of 1769148623?
3
What is the hundred thousands digit of 25081065?
0
What is the millions digit of 127147972?
7
What is the tens digit of 724889412?
1
What is the ten millions digit of 99003668?
9
What is the hundreds digit of 897715917?
9
What is the thousands digit of 964323?
4
What is the units digit of 602206886?
6
What is the thousands digit of 498694372?
4
What is the hundreds digit of 1115626788?
7
What is the hundred millions digit of 134838766?
1
What is the hundreds digit of 1258740082?
0
What is the ten millions digit of 10000915?
1
What is the ten thousands digit of 54734474?
3
What is the hundred millions digit of 444775421?
4
What is the hundreds digit of 59731746?
7
What is the hundred millions digit of 140537884?
1
What is the ten thousands digit of 588858931?
5
What is the hundred thousands digit of 1517909988?
9
What is the hundred thousands digit of 18996127?
9
What is the ten thousands digit of 3785254011?
5
What is the tens digit of 120829315?
1
What is the ten thousands digit of 99219033?
1
What is the billions digit of 4147608171?
4
What is the units digit of 6348504?
4
What is the units digit of 7487804647?
7
What is the thousands digit of 37540081?
0
What is the tens digit of 57095060?
6
What is the units digit of 417534863?
3
What is the thousands digit of 699668004?
8
What is the tens digit of 23947094?
9
What is the thousands digit of 84062443?
2
What is the ten millions digit of 53223492?
5
What is the hundreds digit of 110166638?
6
What is the ten millions digit of 1307975604?
0
What is the ten thousands digit of 31825541?
2
What is the hundred millions digit of 221342047?
2
What is the units digit of 19727942?
2
What is the ten millions digit of 1510785681?
1
What is the units digit of 3243938062?
2
What is the hundreds digit of 125033254?
2
What is the hundred millions digit of 107017199?
1
What is the ten thousands digit of 162436489?
3
What is the hundred millions digit of 242272555?
2
What is the tens digit of 78142110?
1
What is the ten thousands digit of 78428439?
2
What is the tens digit of 132504817?
1
What is the ten thousands digit of 1042284310?
8
What is the hundreds digit of 34669519?
5
What is the units digit of 20811049?
9
What is the millions digit of 711898184?
1
What is the hundred thousands digit of 614675442?
6
What is the thousands digit of 5621892215?
2
What is the tens digit of 331502013?
1
What is the millions digit of 293461783?
3
What is the ten thousands digit of 3701872349?
7
What is the thousands digit of 3203173503?
3
What is the millions digit of 25516448?
5
What is the thousands digit of 37810462?
0
What is the hundreds digit of 352190537?
5
What is the units digi